{"id":26,"date":"2020-09-03T18:54:34","date_gmt":"2020-09-03T16:54:34","guid":{"rendered":"https:\/\/shop.guillaumetalbot.fr\/?page_id=26"},"modified":"2020-09-17T15:34:53","modified_gmt":"2020-09-17T13:34:53","slug":"a-propos","status":"publish","type":"page","link":"https:\/\/shop.guillaumetalbot.fr\/?page_id=26","title":{"rendered":"\u00c0 propos"},"content":{"rendered":"\n<div class=\"wp-block-image\"><figure class=\"aligncenter size-large is-resized\"><img loading=\"lazy\" src=\"https:\/\/shop.guillaumetalbot.fr\/wp-content\/uploads\/2020\/09\/IMGL4832-683x1024.jpg\" alt=\"\" class=\"wp-image-85\" width=\"396\" height=\"594\" srcset=\"https:\/\/shop.guillaumetalbot.fr\/wp-content\/uploads\/2020\/09\/IMGL4832-683x1024.jpg 683w, https:\/\/shop.guillaumetalbot.fr\/wp-content\/uploads\/2020\/09\/IMGL4832-200x300.jpg 200w, https:\/\/shop.guillaumetalbot.fr\/wp-content\/uploads\/2020\/09\/IMGL4832-768x1152.jpg 768w, https:\/\/shop.guillaumetalbot.fr\/wp-content\/uploads\/2020\/09\/IMGL4832-1024x1536.jpg 1024w, https:\/\/shop.guillaumetalbot.fr\/wp-content\/uploads\/2020\/09\/IMGL4832-1365x2048.jpg 1365w, https:\/\/shop.guillaumetalbot.fr\/wp-content\/uploads\/2020\/09\/IMGL4832-416x624.jpg 416w, https:\/\/shop.guillaumetalbot.fr\/wp-content\/uploads\/2020\/09\/IMGL4832-scaled.jpg 1707w\" sizes=\"(max-width: 396px) 100vw, 396px\" \/><\/figure><\/div>\n\n\n<p>Je m\u2019appelle Guillaume Talbot, normand d\u2019origine et passionn\u00e9 de photographie depuis petit. J\u2019ai int\u00e9gr\u00e9 un BTS photographie en 2018, cela m\u2019a permis d\u2019acqu\u00e9rir les bases techniques n\u00e9cessaires pour mener \u00e0 bien mes projets. En 2020, j\u2019ai cr\u00e9e mon entreprise pour pouvoir travailler librement. Je me suis sp\u00e9cialis\u00e9 dans le domaine du voyage et de la photographie sportive.<\/p>","protected":false},"excerpt":{"rendered":"<p>Je m\u2019appelle Guillaume Talbot, normand d\u2019origine et passionn\u00e9 de photographie depuis petit. J\u2019ai int\u00e9gr\u00e9 un BTS photographie en 2018, cela m\u2019a permis d\u2019acqu\u00e9rir les bases techniques n\u00e9cessaires pour mener \u00e0 bien mes projets. En 2020, j\u2019ai cr\u00e9e mon entreprise pour pouvoir travailler librement. Je me suis sp\u00e9cialis\u00e9 dans le domaine du voyage et de la [&hellip;]<\/p>\n","protected":false},"author":1,"featured_media":0,"parent":0,"menu_order":0,"comment_status":"closed","ping_status":"closed","template":"","meta":{"spay_email":""},"_links":{"self":[{"href":"https:\/\/shop.guillaumetalbot.fr\/index.php?rest_route=\/wp\/v2\/pages\/26"}],"collection":[{"href":"https:\/\/shop.guillaumetalbot.fr\/index.php?rest_route=\/wp\/v2\/pages"}],"about":[{"href":"https:\/\/shop.guillaumetalbot.fr\/index.php?rest_route=\/wp\/v2\/types\/page"}],"author":[{"embeddable":true,"href":"https:\/\/shop.guillaumetalbot.fr\/index.php?rest_route=\/wp\/v2\/users\/1"}],"replies":[{"embeddable":true,"href":"https:\/\/shop.guillaumetalbot.fr\/index.php?rest_route=%2Fwp%2Fv2%2Fcomments&post=26"}],"version-history":[{"count":3,"href":"https:\/\/shop.guillaumetalbot.fr\/index.php?rest_route=\/wp\/v2\/pages\/26\/revisions"}],"predecessor-version":[{"id":87,"href":"https:\/\/shop.guillaumetalbot.fr\/index.php?rest_route=\/wp\/v2\/pages\/26\/revisions\/87"}],"wp:attachment":[{"href":"https:\/\/shop.guillaumetalbot.fr\/index.php?rest_route=%2Fwp%2Fv2%2Fmedia&parent=26"}],"curies":[{"name":"wp","href":"https:\/\/api.w.org\/{rel}","templated":true}]}}